548701?
11, 653, 1747
What are the prime factors of 37823464?
2, 7, 675419
List the prime factors of 224747987.
224747987
List the prime factors of 75823329.
3, 25274443
List the prime factors of 5498578138.
2, 3257, 844117
What are the prime factors of 5035820?
2, 5, 251791
What are the prime factors of 90903941?
2657, 34213
What are the prime factors of 82808569?
82808569
What are the prime factors of 343602346?
2, 19, 577, 15671
List the prime factors of 34502238.
2, 3, 41, 46751
What are the prime factors of 1299603522?
2, 3, 7, 17, 107069
List the prime factors of 77173640.
2, 5, 29, 66529
List the prime factors of 49101850.
2, 5, 7, 53, 2647
What are the prime factors of 2648418503?
103, 127, 293, 691
List the prime factors of 447580963.
181, 2472823
List the prime factors of 1381125021.
3, 9127, 50441
What are the prime factors of 63275933?
7, 9039419
What are the prime factors of 8868885?
3, 5, 591259
List the prime factors of 4458773333.
7, 191, 569, 5861
What are the prime factors of 379090097?
137, 2767081
What are the prime factors of 1456214339?
17, 85659667
List the prime factors of 7040225626.
2, 7, 71839037
What are the prime factors of 316635932?
2, 79158983
What are the prime factors of 345375805?
5, 31, 661, 3371
List the prime factors of 152268624.
2, 3, 1057421
What are the prime factors of 2947850063?
241, 367, 33329
What are the prime factors of 2627351846?
2, 7, 193, 972373
What are the prime factors of 4454962?
2, 23, 96847
List the prime factors of 1439625837.
3, 13, 839, 43997
List the prime factors of 839674613.
29, 71, 407807
What are the prime factors of 46498974?
2, 3, 131, 59159
List the prime factors of 801374656.
2, 12521479
List the prime factors of 30276552.
2, 3, 1261523
List the prime factors of 35718177.
3, 11, 1082369
List the prime factors of 2912852385.
3, 5, 419, 154487
What are the prime factors of 96291662?
2, 23, 2093297
List the prime factors of 1778558081.
29, 67, 915367
What are the prime factors of 1126630208?
2, 11, 127, 12601
List the prime factors of 220754698.
2, 110377349
List the prime factors of 4482189379.
5449, 822571
What are the prime factors of 239292431?
7, 37, 89, 1483
List the prime factors of 5598161449.
223, 1187, 21149
What are the prime factors of 7373458?
2, 3686729
What are the prime factors of 789248885?
5, 17, 19, 89
List the prime factors of 3770536.
2, 7, 11, 6121
What are the prime factors of 285075629?
1399, 203771
What are the prime factors of 2182516739?
13, 10079, 16657
List the prime factors of 46381871.
46381871
What are the prime factors of 67858166?
2, 521, 65123
List the prime factors of 725401593.
3, 7, 11514311
List the prime factors of 93131899.
7, 17, 23, 4861
What are the prime factors of 425559993?
3, 141853331
List the prime factors of 258106922.
2, 129053461
What are the prime factors of 214785592?
2, 7, 23, 37, 4507
What are the prime factors of 405564610?
2, 5, 11, 3686951
What are the prime factors of 469004745?
3, 5, 11, 503, 5651
What are the prime factors of 591320292?
2, 3, 67, 735473
List the prime factors of 79641380.
2, 5, 7, 13, 43759
What are the prime factors of 336804182?
2, 11, 13, 1177637
What are the prime factors of 2205557084?
2, 17, 32434663
What are the prime factors of 182980415?
5, 36596083
List the prime factors of 103346641.
1021, 101221
What are the prime factors of 2394585?
3, 5, 127, 419
What are the prime factors of 1235237419?
13, 1163, 81701
What are the prime factors of 94857167?
251, 307, 1231
What are the prime factors of 6371432178?
2, 3, 1061905363
List the prime factors of 2957765463.
3, 661, 55243
List the prime factors of 417001082.
2, 109, 331, 5779
List the prime factors of 121588111.
83, 1464917
List the prime factors of 988423958.
2, 157, 263, 11969
What are the prime factors of 1984698942?
2, 3, 330783157
List the prime factors of 211883915.
5, 19, 31, 71947
What are the prime factors of 362927445?
3, 5, 24195163
List the prime factors of 34569118.
2, 3331, 5189
What are the prime factors of 599369?
17, 35257
What are the prime factors of 95395085?
5, 19079017
What are the prime factors of 194309216?
2, 151, 40213
What are the prime factors of 46829247?
3, 457, 34157
What are the prime factors of 72216908?
2, 41, 440347
What are the prime factors of 61479825?
3, 5, 11, 74521
What are the prime factors of 431779117?
7, 11, 619, 9059
List the prime factors of 114375884.
2, 7, 29, 79, 1783
What are the prime factors of 558700133?
558700133
List the prime factors of 41585089.
7, 13, 456979
List the prime factors of 173754777.
3, 7, 8274037
What are the prime factors of 5135641841?
11, 19, 2233859
What are the prime factors of 102968987?
11, 9360817
What are the prime factors of 2592179213?
13, 199398401
List the prime factors of 168742475.
5, 11, 613609
List the prime factors of 36009104.
2, 19, 31, 3821
List the prime factors of 1018934667.
3, 47, 61, 13163
What are the prime factors of 633635158?
2, 13, 24370583
What are the prime factors of 49725329?
43, 1156403
What are the prime factors of 145588461?
3, 139, 349133
List the prime factors of 636594117.
3, 109, 1946771
What are the prime factors of 136398890?
2, 5, 29, 193, 2437
What are the prime factors of 75018125?
5, 7, 13, 1319
List the prime factors of 981386285.
5, 11, 17, 1049611
What are the prime factors of 58943838?
2, 3, 9823973
What are the prime factors of 4646165749?
48989, 94841
List the prime factors of 45138611.
7, 6448373
List the prime factors of 6718183.
569, 11807
List the prime factors of 157252836.
2, 3, 13, 1008031
List the prime factors of 170626792.
2, 7, 293, 10399
List the prime factors of 485699239.
485699239
List the prime factors of 2139411639.
3, 67, 151, 70489
List the prime factors of 13219315.
5, 107, 24709
List the prime factors of 787239135.
3, 5, 5831401
List the prime factors of 2491998376.
2, 7, 233, 331, 577
What are the prime factors of 400828250?
2, 5, 97, 16529
List the prime factors of 25464319.
25464319
List the prime factors of 3893306081.
7, 556186583
List the prime factors of 289944320.
2, 5, 29, 73, 107
What are the prime factors of 77641703?
17, 43, 106213
List the prime factors of 40004128.
2, 17, 151, 487
List the prime factors of 23551636.
2, 5887909
What are the prime factors of 67878240?
2, 3, 5, 141413
List the prime factors of 384347961.
3, 42705329
What are the prime factors of 67600959?
3, 17, 1325509
List the prime factors of 536583621.
3, 7, 1877, 13613
What are the prime factors of 11493484?
2, 2873371
What are the prime factors of 558855998?
2, 883, 316453
List the prime factors of 112478520.
2, 3, 5, 7, 11, 37, 47
List the prime factors of 372936655.
5, 7, 13, 19, 179, 241
What are the prime factors of 76326952?
2, 13, 19, 107
What are the prime factors of 428221604?
2, 349, 306749
What are the prime factors of 247593044?
2, 307, 201623
List the prime factors of 570460348.
2, 281, 503, 1009
List the prime factors of 945746349.
3, 307, 373, 2753
What are the prime factors of 184868926?
2, 11, 8403133
What are the prime factors of 1505157441?
3, 17, 53, 83, 6709
List the prime factors of 4538727451.
53, 85636367
What are the prime factors of 2637156119?
13, 1307, 155209
What are the prime factors of 222634386?
2, 3, 13, 83, 3821
What are the prime factors of 10036290?
2, 3, 5, 11, 17, 1789
List the prime factors of 3986669010.
2, 3, 5, 53, 2507339
List the prime factors of 1936732044.
2, 3, 13, 12414949
List the prime factors of 131005906.
2, 41, 103, 15511
List the prime factors of 752176895.
5, 150435379
List the prime factors of 361800542.
2, 180900271
List the prime factors of 55233975.
3, 5, 61, 12073
List the prime factors of 226935113.
226935113
What are the prime factors of 34798950?
2, 3, 5, 149, 173
List the prime factors of 960284570.
2, 5, 7, 61, 224891
What are the prime factors of 20336216?
2, 17, 149531
What are the prime factors of 90977610?
2, 3, 5, 503, 6029
List the prime factors of 472713609.
3, 67, 359, 6551
List the prime factors of 1161880405.
5, 7, 199, 23831
List the prime factors of 437701170.
2, 3, 5, 14590039
What are the prime factors of 1322281245?
3, 5, 29, 3039727
List the prime factors of 400371824.
2, 109, 173, 1327
List the prime factors of 137878677.
3, 73,